214
In base 3, what is 1221100 + 1000222?
2222022
In base 2, what is 1110111 - 11111010?
-10000011
In base 6, what is 23133441 + -3?
23133434
In base 14, what is 42 + -61c?
-5ba
In base 6, what is -1 + 5541?
5540
In base 14, what is -9 + 26b1?
26a6
In base 15, what is 47b3b - 0?
47b3b
In base 2, what is -100001010111010011 + 10?
-100001010111010001
In base 16, what is 81 + -88?
-7
In base 11, what is -6492 - 318?
-67aa
In base 14, what is 10bb - -15d?
123a
In base 6, what is -555 + 310?
-245
In base 10, what is -6 + 966?
960
In base 16, what is -5 + 6d3c?
6d37
In base 7, what is -2 + 42443?
42441
In base 11, what is -3 + -7a332?
-7a335
In base 5, what is -233334 + 44?
-233240
In base 14, what is 469d7 - -3?
469da
In base 9, what is -1244836 - -3?
-1244833
In base 2, what is 10011 - 111011101010010?
-111011100111111
In base 9, what is 66446 - -4?
66451
In base 12, what is -28589 + -8?
-28595
In base 10, what is 3 - -82603?
82606
In base 13, what is 34 + -419?
-3b5
In base 7, what is -2 + -12364?
-12366
In base 3, what is 111222121001 - 12?
111222120212
In base 11, what is -4 - -488864?
488860
In base 9, what is 772 + -1462?
-580
In base 11, what is -308a - a2?
-3181
In base 6, what is 21 - -3410444?
3410505
In base 15, what is b9522 + -1?
b9521
In base 14, what is 1 - 3690a4?
-3690a3
In base 15, what is 12213 + -4?
1220e
In base 8, what is 27415 - 30?
27365
In base 6, what is 3 + 303153?
303200
In base 16, what is -8 - -10b5?
10ad
In base 15, what is 1691 + -2?
168e
In base 13, what is 3422 - b?
3414
In base 16, what is ca8c5 - -4?
ca8c9
In base 2, what is -1011111100101010 + -11010?
-1011111101000100
In base 8, what is -5 - 50632?
-50637
In base 10, what is 3 + -282514?
-282511
In base 6, what is -3150 + 111?
-3035
In base 6, what is -125401 + 1?
-125400
In base 3, what is -10102012 + 200110?
-2201202
In base 8, what is -4 + -2402265?
-2402271
In base 11, what is 4 - 37a0?
-3797
In base 7, what is 0 - 23436?
-23436
In base 15, what is 0 - -56b5?
56b5
In base 3, what is 110102101122201 + 12?
110102101122220
In base 12, what is 9 + -625?
-618
In base 14, what is 259 + -3d5?
-17a
In base 3, what is 1102202221 + 0?
1102202221
In base 8, what is 10610 - 15?
10573
In base 11, what is 1317 + 3?
131a
In base 7, what is -23044 + -20?
-23064
In base 15, what is 4c775 + -5?
4c770
In base 8, what is 3510 - -456?
4166
In base 12, what is -15009a3 - 1?
-15009a4
In base 4, what is 232 + -121?
111
In base 4, what is -11 + 101133302?
101133231
In base 2, what is -100110000 - -1110000000?
1001010000
In base 3, what is -112212001 + -1?
-112212002
In base 15, what is -4 + -5b10?
-5b14
In base 12, what is -5a350 - 4?
-5a354
In base 12, what is 882b10 + 4?
882b14
In base 10, what is -65697 + -3?
-65700
In base 10, what is -844 + 72?
-772
In base 15, what is 89 - -c?
96
In base 2, what is -10001111 - -10010011100?
10000001101
In base 12, what is -75 + 4661?
45a8
In base 6, what is 1034045 - -32?
1034121
In base 6, what is 1 - -232204?
232205
In base 9, what is -254 - -2221?
1856
In base 10, what is 2 + 128427?
128429
In base 6, what is -30 - 14125?
-14155
In base 6, what is 2 + -3003244?
-3003242
In base 3, what is 11021111 - 11?
11021100
In base 6, what is -1440133 - -1?
-1440132
In base 8, what is -16652 + -464?
-17336
In base 12, what is 3662 + 0?
3662
In base 9, what is 354281 + -1?
354280
In base 3, what is 1100021 - 12?
1100002
In base 15, what is -1c232 + 10?
-1c222
In base 5, what is -11 + -41240?
-41301
In base 6, what is -2040515 - -3?
-2040512
In base 12, what is -a0402 - 4?
-a0406
In base 12, what is -3549 - 86?
-3613
In base 9, what is 11 + 7887?
8008
In base 5, what is 12403 + 10200?
23103
In base 3, what is 1200001 - 2002?
1120222
In base 16, what is 0 - -5501?
5501
In base 11, what is -297 - -4482?
4196
In base 12, what is -307 - -170?
-157
In base 13, what is 8204 + 1?
8205
In base 10, what is -4 + -23370?
-23374
In base 12, what is 9969 + -3?
9966
In base 3, what is 21210011 + -112011?
21021000
In base 2, what is 101010 + -10111000?
-10001110
In base 14, what is -dc + -ba?
-1b8
In base 6, what is 11 - -12354004?
12354015
In base 4, what is 0 + -31333000?
-31333000
In base 6, what is 3002500 + 2?
3002502
In base 9, what is 15 + -2073?
-2057
In base 11, what is -1 + 6730?
672a
In base 12, what is 768 + -1b?
749
In base 7, what is 4 + 133266?
133303
In base 8, what is 6517645 + 0?
6517645
In base 5, what is -10313 - -13134?
2321
In base 4, what is -1300 - -3013?
1113
In base 6, what is 41312 + -54?
41214
In base 4, what is -103023223 + 11?
-103023212
In base 15, what is 16cc - 1a?
16b2
In base 16, what is 1681 + -6?
167b
In base 7, what is -663322 - 5?
-663330
In base 11, what is 149 + 376?
514
In base 3, what is 120110010 + 12110?
120122120
In base 2, what is 10111111011010111 - 101?
10111111011010010
In base 3, what is 12220210 + -1001?
12212202
In base 7, what is 3 - 16113?
-16110
In base 7, what is 14125 - 160?
13635
In base 8, what is 16707 - 10?
16677
In base 6, what is -4 - -1002241?
1002233
In base 10, what is 153063 + -3?
153060
In base 6, what is -1535422 - -5?
-1535413
In base 14, what is -1aa4 - 3c6?
-208a
In base 13, what is -32 + 1a3a?
1a08
In base 12, what is 168 + -53b?
-393
In base 13, what is 3c7 - -54?
44b
In base 15, what is 17 + e?
26
In base 7, what is 1 - 14364265?
-14364264
In base 12, what is -69 - -1a0?
133
In base 8, what is 3632 + -145?
3465
In base 5, what is 210433 + -3?
210430
In base 7, what is 2645 + 234?
3212
In base 15, what is b + -22627?
-2261b
In base 3, what is 1110000 + -12?
1102211
In base 11, what is 17424 + -24?
17400
In base 12, what is -bbb0 - 3?
-bbb3
In base 16, what is 6646 - -1?
6647
In base 9, what is 4 - -531321?
531325
In base 3, what is 1012222221 + 2?
1020000000
In base 12, what is -4 + -1722?
-1726
In base 8, what is 203 - -1755?
2160
In base 13, what is 3c6b - 4?
3c67
In base 13, what is -89aa6 + 3?
-89aa3
In base 8, what is -12206 + 4?
-12202
In base 3, what is -1111 - -21120?
20002
In base 2, what is 10011111101001 - -11011100?
10100011000101
In base 14, what is 2 + 7a584?
7a586
In base 6, what is 1010033 + -21?
1010012
In base 5, what is 2323 - -23?
2401
In base 13, what is -69 - -352?
2b6
In base 4, what is 20 - 2121?
-2101
In base 13, what is -25c - 1814?
-1a73
In base 3, what is -110010200 - -121?
-110010002
In base 11, what is 5 - -1514a2?
1514a7
In base 5, what is -1122001 - 3?
-1122004
In base 8, what is -6 - -42554?
42546
In base 10, what is -10279 - 3?
-10282
In base 7, what is -4 - 134621?
-134625
In base 12, what is -ab64 + 6?
-ab5a
In base 15, what is -5 + -19273?
-19278
In base 11, what is 17 + 3064?
3080
In base 3, what is -12 - 1201211?
-1202000
In base 12, what is 3987b + 4?
39883
In base 6, what is 4040 - -1333?
5413
In base 8, what is -13 - 3011?
-3024
In base 9, what is 778 + -1776?
-887
In base 6, what is 33521 + 0?
33521
In base 15, what is -9 + e0b?
e02
In base 11, what is -3 + 38266?
38263
In base 10, what is 1 + 32739?
32740
In base 13, what is 2 + -21286?
-21284
In base 11, what is -1a - 3186?
-31a5
In base 16, what is -3 + -377c?
-377f
In base 6, what is 3 - 23304?
-23301
In base 3, what is -10022 - -21201102?
21121010
In base 6, what is -21404043 + -3?
-21404050
In base 12, what is -8 - -6513?
6507
In base 11, what is -335a22 + 2?
-335a20
In base 5, what is 304 - 124404?
-124100
In base 3, what is -1100 + 1000111?
222011
In base 7, what is -5505 - -44?
-5431
In base 11, what is -1 + -3153a1?
-3153a2
In base 9, what is -656 + -1406?
-2163
In base 10, what is -2 + 15030?
15028
In base 7, what is -215 - 523?
-1041
In base 9, what is 1180 + 75?
1265
In base 6, what is -2101 + -1?
-2102
In base 2, what is -10 - 100001101011100101?
-100001101011100111
In base 16, what is -2 + 14f162?
14f160
In base 5, what is 424121 - 322?
423244
In base 5, what is 142403 + 32?
142440
In base 3, what is 101220 - -212000?
1020220
In base 7, what is 113 - -3261?
3404
In base 13, what is 5 + 193346?
19334b
In base 13, what is 6 + 75743?
75749
In base 11, what is -48a9 - -3?
-48a6
In base 6, what is 13 - -322051?
322104
In base 9, what is 45 - 6755?
-6710
In base 7, what is -10 - 6644130?
-6644140
In base 15, what is -2 - 74815?
-74817
In base 3, what is 2021220 + -22201?
1222012
In base 7